is the ten millions digit of 1573514666?
7
What is the ten thousands digit of 195703246?
0
What is the hundred millions digit of 2136175962?
1
What is the ten thousands digit of 339247001?
4
What is the hundred thousands digit of 8708482?
7
What is the hundreds digit of 1189210467?
4
What is the millions digit of 36841736?
6
What is the tens digit of 198201567?
6
What is the ten millions digit of 61155757?
6
What is the hundreds digit of 1355027947?
9
What is the millions digit of 39391695?
9
What is the units digit of 265054109?
9
What is the hundred thousands digit of 52864263?
8
What is the hundreds digit of 2092153616?
6
What is the millions digit of 97613868?
7
What is the hundred thousands digit of 64146363?
1
What is the ten thousands digit of 557556567?
5
What is the billions digit of 2883121991?
2
What is the hundreds digit of 31496051?
0
What is the billions digit of 1436062849?
1
What is the tens digit of 740103971?
7
What is the tens digit of 1961821753?
5
What is the hundreds digit of 49932987?
9
What is the ten millions digit of 69542292?
6
What is the tens digit of 1366023650?
5
What is the units digit of 809368153?
3
What is the ten millions digit of 103074238?
0
What is the ten millions digit of 2632082418?
3
What is the thousands digit of 1788038095?
8
What is the ten thousands digit of 159723004?
2
What is the ten millions digit of 117226897?
1
What is the tens digit of 84124331?
3
What is the hundred millions digit of 3771053999?
7
What is the millions digit of 56490811?
6
What is the units digit of 489745822?
2
What is the hundreds digit of 5149895653?
6
What is the hundred thousands digit of 664358500?
3
What is the ten millions digit of 37435689?
3
What is the ten thousands digit of 5946084302?
8
What is the tens digit of 105212690?
9
What is the ten millions digit of 2335804815?
3
What is the ten thousands digit of 766109639?
0
What is the ten thousands digit of 3634075017?
7
What is the ten thousands digit of 52414137?
1
What is the ten thousands digit of 280118563?
1
What is the billions digit of 4002920345?
4
What is the hundreds digit of 278382240?
2
What is the thousands digit of 535309407?
9
What is the thousands digit of 5892056740?
6
What is the tens digit of 89867535?
3
What is the hundreds digit of 57285588?
5
What is the units digit of 1924427237?
7
What is the billions digit of 1244096238?
1
What is the units digit of 663696236?
6
What is the hundred millions digit of 897721363?
8
What is the units digit of 41620811?
1
What is the ten millions digit of 99045155?
9
What is the hundred thousands digit of 1293446660?
4
What is the millions digit of 1393894905?
3
What is the tens digit of 28834407?
0
What is the thousands digit of 5640754336?
4
What is the hundreds digit of 78485673?
6
What is the hundreds digit of 221190743?
7
What is the tens digit of 188562225?
2
What is the millions digit of 69936553?
9
What is the hundreds digit of 12991201?
2
What is the ten thousands digit of 190730184?
3
What is the millions digit of 101571553?
1
What is the millions digit of 45315038?
5
What is the hundreds digit of 31782921?
9
What is the hundreds digit of 312052927?
9
What is the tens digit of 88462873?
7
What is the ten thousands digit of 366316034?
1
What is the millions digit of 844217687?
4
What is the ten thousands digit of 565539843?
3
What is the ten thousands digit of 54934233?
3
What is the hundreds digit of 538908414?
4
What is the ten millions digit of 1697191829?
9
What is the hundreds digit of 445330064?
0
What is the hundred thousands digit of 22298098?
2
What is the ten thousands digit of 303140929?
4
What is the ten millions digit of 1402013269?
0
What is the ten millions digit of 340359012?
4
What is the hundred millions digit of 527865025?
5
What is the hundred millions digit of 267920953?
2
What is the ten thousands digit of 120422313?
2
What is the units digit of 23704844?
4
What is the ten thousands digit of 89514889?
1
What is the units digit of 3445658819?
9
What is the millions digit of 6987094154?
7
What is the thousands digit of 652388851?
8
What is the hundreds digit of 117288883?
8
What is the hundreds digit of 3797497712?
7
What is the tens digit of 3688387346?
4
What is the millions digit of 740677540?
0
What is the units digit of 276773822?
2
What is the hundreds digit of 59517497?
4
What is the ten millions digit of 730287610?
3
What is the tens digit of 30026787?
8
What is the millions digit of 1847290043?
7
What is the thousands digit of 7489094301?
4
What is the ten millions digit of 52528721?
5
What is the units digit of 112362694?
4
What is the tens digit of 2707910330?
3
What is the thousands digit of 68307928?
7
What is the thousands digit of 84197081?
7
What is the hundreds digit of 213609839?
8
What is the units digit of 135812030?
0
What is the ten thousands digit of 98204705?
0
What is the hundred thousands digit of 253971389?
9
What is the thousands digit of 85794769?
4
What is the ten millions digit of 1358076316?
5
What is the ten thousands digit of 260034617?
3
What is the units digit of 6014686739?
9
What is the millions digit of 1013853401?
3
What is the hundreds digit of 253068375?
3
What is the thousands digit of 320668644?
8
What is the units digit of 628259616?
6
What is the ten millions digit of 148570084?
4
What is the hundred millions digit of 330492970?
3
What is the hundred thousands digit of 94248581?
2
What is the ten millions digit of 81071983?
8
What is the hundred thousands digit of 1969552881?
5
What is the millions digit of 123293305?
3
What is the ten thousands digit of 5135818?
3
What is the tens digit of 6111106?
0
What is the ten thousands digit of 1408251036?
5
What is the tens digit of 64616252?
5
What is the ten thousands digit of 909826283?
2
What is the millions digit of 580373450?
0
What is the tens digit of 194995233?
3
What is the hundred millions digit of 134413069?
1
What is the ten millions digit of 276909256?
7
What is the thousands digit of 159546194?
6
What is the thousands digit of 5375770075?
0
What is the hundreds digit of 1416272718?
7
What is the ten millions digit of 388079339?
8
What is the hundred millions digit of 2957019563?
9
What is the ten thousands digit of 62080715?
8
What is the ten millions digit of 14413975?
1
What is the ten millions digit of 86255764?
8
What is the millions digit of 12156013?
2
What is the ten millions digit of 20936182?
2
What is the units digit of 19992524?
4
What is the hundred millions digit of 161676795?
1
What is the tens digit of 218942102?
0
What is the tens digit of 2203650606?
0
What is the hundred thousands digit of 2909107604?
1
What is the millions digit of 837443464?
7
What is the hundreds digit of 41612733?
7
What is the ten thousands digit of 1316030?
1
What is the hundreds digit of 90520267?
2
What is the hundred millions digit of 784427292?
7
What is the units digit of 98078180?
0
What is the ten thousands digit of 450890403?
9
What is the hundreds digit of 23400892?
8
What is the hundred thousands digit of 57778020?
7
What is the ten millions digit of 19468982?
1
What is the ten thousands digit of 88249819?
4
What is the hundred millions digit of 262743073?
2
What is the tens digit of 4421496931?
3
What is the hundred thousands digit of 170209714?
2
What is the thousands digit of 80618783?
8
What is the thousands digit of 155591395?
1
What is the tens digit of 98871827?
2
What is the millions digit of 109851081?
9
What is the hundreds digit of 181194670?
6
What is the hundreds digit of 113893693?
6
What is the tens digit of 37002294?
9
What is the ten millions digit of 120903801?
2
What is the ten millions digit of 1346015330?
4
What is the hundred thousands digit of 1522126263?
1
What is the millions digit of 235433001?
5
What is the hundreds digit of 71599374?
3
What is the hundred millions digit of 1512422140?
5
What is the millions digit of 142979061?
2
What is the ten thousands digit of 1357252022?
5
What is the ten thousands digit of 11771564?
7
What is the tens digit of 110571074?
7
What is the ten thousands digit of 457641439?
4
What is the thousands digit of 17091347?
1
What is the ten thousands digit of 99656462?
5
What is the thousands digit of 265534051?
4
What is 